759 and 836.
209
What is the greatest common divisor of 1338150 and 300?
150
Calculate the greatest common divisor of 73 and 3060671.
73
What is the highest common divisor of 352 and 106560?
32
Calculate the greatest common divisor of 64440 and 360.
360
What is the highest common divisor of 118 and 171454?
118
What is the highest common divisor of 240931 and 19568?
1223
What is the greatest common factor of 41676 and 1932?
276
What is the highest common divisor of 61608 and 4794?
102
Calculate the highest common divisor of 25 and 83095.
5
Calculate the highest common factor of 1675 and 12931.
67
Calculate the highest common divisor of 29280 and 2135.
305
Calculate the greatest common divisor of 28650 and 110.
10
Calculate the greatest common factor of 2522 and 345514.
2522
What is the highest common factor of 40510 and 20?
10
Calculate the highest common factor of 880730 and 174.
58
What is the greatest common divisor of 74765 and 95?
95
Calculate the highest common divisor of 24 and 42252.
12
Calculate the highest common divisor of 1239 and 2037.
21
What is the greatest common factor of 489024 and 128?
64
What is the greatest common divisor of 8385 and 575211?
1677
What is the highest common factor of 115 and 3440?
5
Calculate the highest common factor of 1020 and 20160.
60
What is the highest common divisor of 17357 and 221?
17
What is the greatest common factor of 1104 and 392817?
69
What is the highest common divisor of 18259 and 155?
31
Calculate the highest common factor of 166844 and 5724.
212
What is the highest common factor of 27083 and 2597?
371
Calculate the greatest common divisor of 74466 and 135.
27
What is the highest common factor of 22 and 1569436?
22
Calculate the highest common divisor of 1435050 and 45.
45
Calculate the highest common divisor of 753 and 7125639.
753
What is the highest common divisor of 1729 and 4522?
133
Calculate the highest common divisor of 17071044 and 228.
228
Calculate the greatest common factor of 4038 and 66.
6
What is the highest common divisor of 1726 and 7564195?
863
What is the highest common factor of 3240 and 33890?
10
What is the highest common factor of 434 and 4649442?
434
What is the highest common factor of 25970 and 9310?
490
What is the highest common factor of 13817 and 163108?
337
Calculate the greatest common divisor of 724 and 132130.
362
What is the greatest common factor of 21 and 3180660?
21
Calculate the greatest common divisor of 74 and 18685.
37
What is the highest common factor of 7887 and 6?
3
Calculate the highest common divisor of 170 and 43010.
170
Calculate the greatest common factor of 167064 and 88.
8
Calculate the greatest common divisor of 9300 and 279372.
372
Calculate the greatest common factor of 48256 and 78.
26
Calculate the greatest common factor of 54 and 5067.
9
Calculate the greatest common factor of 19 and 98382.
19
Calculate the highest common divisor of 31 and 280271.
31
What is the greatest common factor of 11477 and 9481?
499
Calculate the highest common factor of 1413 and 729.
9
Calculate the highest common divisor of 3420 and 16020.
180
Calculate the highest common factor of 121851 and 81.
27
What is the greatest common factor of 12507 and 905052?
1137
What is the highest common divisor of 4650393 and 726?
363
Calculate the greatest common divisor of 281424 and 25051.
533
What is the highest common factor of 33658 and 2?
2
What is the highest common factor of 2350 and 517?
47
What is the highest common factor of 192 and 68800?
64
Calculate the greatest common divisor of 768 and 11064.
24
Calculate the highest common factor of 59799 and 447528.
1929
Calculate the highest common divisor of 1375 and 2640.
55
Calculate the highest common divisor of 3894 and 5522.
22
Calculate the highest common divisor of 198 and 37554.
66
What is the highest common factor of 66 and 25443?
33
Calculate the highest common divisor of 684 and 91428.
228
Calculate the highest common divisor of 104325 and 50.
25
Calculate the highest common divisor of 1296 and 13392.
432
What is the greatest common divisor of 55818 and 630?
126
What is the highest common divisor of 7220 and 570?
190
Calculate the greatest common divisor of 23 and 3963061.
23
What is the greatest common divisor of 16543 and 27494?
233
What is the greatest common divisor of 31191 and 333?
111
What is the greatest common divisor of 675 and 3720?
15
Calculate the highest common factor of 376991 and 1271.
31
Calculate the greatest common factor of 68158 and 63014.
1286
Calculate the highest common factor of 10 and 237830.
10
Calculate the greatest common factor of 33 and 2354253.
33
Calculate the highest common divisor of 420 and 298060.
140
What is the greatest common factor of 102 and 218790?
102
Calculate the highest common factor of 1906620 and 20.
20
Calculate the highest common divisor of 7069 and 4.
1
What is the greatest common divisor of 42949 and 87?
29
Calculate the greatest common factor of 22 and 31999.
11
What is the greatest common divisor of 139955 and 690?
115
Calculate the greatest common factor of 7056 and 32.
16
Calculate the greatest common divisor of 69 and 6641250.
69
Calculate the highest common divisor of 28847 and 91.
91
Calculate the highest common divisor of 36084 and 12214.
62
Calculate the highest common factor of 64 and 49264.
16
What is the highest common factor of 112 and 65584?
16
What is the highest common divisor of 2151 and 531?
9
Calculate the greatest common divisor of 110112 and 552.
24
What is the highest common factor of 215 and 601871?
43
What is the highest common factor of 194332 and 380?
76
Calculate the highest common factor of 2829 and 10419.
69
What is the highest common divisor of 264910 and 1770?
590
Calculate the highest common divisor of 912 and 1536.
48
Calculate the highest common factor of 25636 and 722332.
1508
What is the greatest common divisor of 4928 and 10304?
448
What is the greatest common factor of 52 and 5862194?
26
What is the highest common factor of 1125 and 48?
3
Calculate the highest common divisor of 336 and 13860.
84
What is the highest common factor of 250315 and 1625?
65
What is the greatest common divisor of 1996 and 1084?
4
What is the greatest common factor of 40284 and 60?
12
Calculate the greatest common divisor of 1631604 and 36.
12
Calculate the greatest common factor of 749 and 212288.
107
What is the greatest common divisor of 60 and 2316?
12
What is the greatest common divisor of 23113 and 18331?
797
Calculate the greatest common factor of 10179 and 468.
117
Calculate the highest common factor of 4387 and 10660.
41
Calculate the highest common divisor of 36526 and 77.
7
Calculate the greatest common divisor of 6562 and 201106.
386
What is the highest common factor of 12 and 2516?
4
What is the greatest common factor of 14896 and 14288?
304
What is the highest common divisor of 99 and 380556?
99
What is the highest common factor of 6 and 126372?
6
What is the highest common factor of 7896 and 2016?
168
Calculate the highest common factor of 513 and 28557.
171
What is the highest common factor of 41301 and 4329?
117
What is the greatest common divisor of 1188 and 21213?
9
What is the highest common factor of 3299620 and 4640?
580
Calculate the highest common divisor of 4854784 and 256.
256
What is the greatest common divisor of 13068 and 24?
12
Calculate the highest common divisor of 10327 and 11776.
23
Calculate the highest common divisor of 13225 and 36800.
575
Calculate the greatest common divisor of 258 and 7631898.
258
Calculate the greatest common factor of 123668 and 860.
172
What is the highest common factor of 22149 and 1863?
207
Calculate the highest common factor of 39116 and 385.
77
What is the highest common divisor of 5090 and 670?
10
Calculate the highest common divisor of 115427 and 169.
169
Calculate the highest common factor of 60714 and 108.
18
What is the highest common divisor of 170 and 11770?
10
What is the highest common factor of 131940 and 2010?
30
Calculate the greatest common factor of 44 and 592636.
44
What is the greatest common divisor of 247545 and 45?
45
Calculate the greatest common factor of 174630 and 195.
15
What is the highest common divisor of 121109 and 163?
163
What is the greatest comm